 + z + 4*s = j, t*s - 15 = -4*z. Calculate the remainder when 11 is divided by z.
5
Let l = -9 + 14. Let r(s) = 8*s + 2. What is the remainder when r(l) is divided by 15?
12
Suppose 0 = 4*i - 3*g - 51, 4*g - 70 = -5*i - 14. What is the remainder when 23 is divided by i?
11
Suppose 3*k + 5*b + 28 = 5*k, 0 = 3*k + b - 42. What is the remainder when (-4)/(-8) + (-154)/(-4) is divided by k?
11
Let y(v) = 27*v + 1. Let p be y(1). Let j = -17 + 30. Let t = p - j. Calculate the remainder when 28 is divided by t.
13
What is the remainder when (-4)/(8/(-63))*2 is divided by 22?
19
Suppose -3*f + 27 = o - 80, -2*f = -o - 68. What is the remainder when f is divided by (-11 - -26) + -4 + 1?
11
Suppose 5*v = 5*a + 70, -4*a - 3 = 5. What is the remainder when v is divided by 8?
4
Suppose -3*m + 5*y + 2 + 0 = 0, m + 3 = -2*y. Let o(s) = -24*s. Suppose w + 0 = 13. What is the remainder when o(m) is divided by w?
11
Let t = 40 + -25. What is the remainder when t is divided by 4?
3
What is the remainder when 18 is divided by 5 + (-3 - 4) - (2 + -10)?
0
Let s = -67 - -98. What is the remainder when s is divided by 11?
9
Suppose 3*f + 111 = -2*q, -2*f - f - 126 = -3*q. Let h = f - -58. What is the remainder when h is divided by 11?
8
Let r = -27 - -42. Let m = r + -6. Let f(t) = -t + 27. Calculate the remainder when f(11) is divided by m.
7
Let y be 427/(-13) - 2/13. Let o = -16 - y. What is the remainder when 67 is divided by o?
16
Let h(p) = -24*p - 4. Let n be h(-3). Suppose 4*q - 36 = n. Calculate the remainder when q is divided by (-4 + 7)/((-6)/(-28)).
12
Let k = 7 - 5. Suppose -2*h + 0*h - 3*f + 17 = 0, -10 = -h - f. What is the remainder when (-112)/(-3) - k/6 is divided by h?
11
Let g(r) = 2*r**2 + r - 3. What is the remainder when g(-5) is divided by 15?
12
Suppose -5*l - 17 = 2*z, -3*l = -4*z - 7*l - 16. What is the remainder when 28 is divided by (-29 + 14)/(1*z)?
13
Suppose -n + 2*o = -o - 48, 0 = 5*n + 2*o - 257. What is the remainder when n is divided by 11?
7
Let b = 5 + -3. Let d(u) = 4*u - 1. Calculate the remainder when 20 is divided by d(b).
6
Suppose -2*n = -n, 3*n = 3*s - 123. What is the remainder when s is divided by 11?
8
Suppose -2*l + 12 = n + 2*n, -l + 5 = n. Suppose -4*z = -n*z - 5*d - 23, 2*z - 21 = 3*d. What is the remainder when z is divided by 5?
4
Let c be 39/4 - 2/(-8). Let q be 3 - 3/((-6)/(-16)). Let g = q + c. What is the remainder when g is divided by 3?
2
Let j(l) = -65*l**3 - l**2 + l + 1. Let w(u) = -29*u - 6. Let r be w(-4). Suppose -i + r = 4*i. Calculate the remainder when j(-1) is divided by i.
20
Let k = 2 - 1. Suppose 2*g - 10 = 24. What is the remainder when ((0 - -2) + 47)*k is divided by g?
15
Suppose -5*d + 2*d = -186. Let f(o) = -o**3 - o + 16. Let x be 0/(3/(-6)*2). What is the remainder when d is divided by f(x)?
14
Suppose 11 = 3*u + 26, -2*p + 2*u - 52 = 0. Let f = p + 75. Suppose 0 = -0*r - 4*r + f. Calculate the remainder when 43 is divided by r.
10
Suppose 6 = -5*d + 71. Calculate the remainder when 35 is divided by d.
9
Let z = -2 - 0. Let l = 0 + 29. Calculate the remainder when l is divided by (-6)/z*60/18.
9
Suppose 5*l + 23 = 3*a - 6, a + 17 = -5*l. Suppose a*s + 4 = 61. What is the remainder when s is divided by 5?
4
Let w(i) = i**2 - i + 22. Suppose 4*d + d - 430 = 0. Calculate the remainder when d is divided by w(0).
20
Let r(w) = -w**3 + 6*w**2 + w. Let v be r(6). Let b = 1 + v. Suppose 2*h - 18 = 20. Calculate the remainder when h is divided by b.
5
Let d(w) = -w + 2. Let h be d(8). What is the remainder when (8/h)/2*-15 is divided by 6?
4
Suppose 0 = -a - m - 0*m + 4, 0 = a - 5*m - 10. What is the remainder when a is divided by -3*(1/(3/6) - 3)?
2
Suppose 2*y - 5 + 3 = 0. Let t be y + (3 - 2 - -1). Suppose -4*i = -t*i - 22. What is the remainder when 65 is divided by i?
21
Suppose -2*g - 3*g = -95. Calculate the remainder when g is divided by 3.
1
Let v(u) = -u**3 - 4*u**2 + u - 1. Suppose r + 0 + 5 = 0. Let q be v(r). Let o = q + -13. Calculate the remainder when o is divided by 4.
2
Calculate the remainder when 42 is divided by (-1)/(-2)*(9 - -37).
19
Let c(y) = -2*y**3 - y**2 + y. Suppose 2*m = -0*m + 6. Suppose -4*f - 4*j + 2 = 6, -m = f - j. Calculate the remainder when 29 is divided by c(f).
9
Suppose -30*w = -25*w - 80. What is the remainder when 62 is divided by w?
14
Let l = 11 - 7. Suppose l*y = 5*u + 68, 0*y + 3*y = u + 51. What is the remainder when 65 is divided by y?
14
Let r(w) = 17*w**2 - 1. Let s = -24 + 17. Let x(h) = h**3 + 8*h**2 + 8*h + 8. Let p be x(s). Calculate the remainder when r(p) is divided by 6.
4
Suppose -3*g - w - 9 = 2*w, -13 = g - w. Let j = 15 + g. Suppose 2*z - 8 = -c - z, -2*z = -5*c + 108. Calculate the remainder when c is divided by j.
6
Suppose -t - 3*y + 2*y + 35 = 0, 20 = -5*y. Calculate the remainder when t is divided by 21.
18
Let a(w) = -15*w + 57. Let t(q) = -7*q + 28. Let v(n) = -3*a(n) + 7*t(n). Calculate the remainder when v(-11) is divided by 18.
15
Suppose 0 = 17*r - 12*r - 90. Let w(v) = 18*v - 2. Suppose -s + 3 = -0*s. Calculate the remainder when w(s) is divided by r.
16
Suppose -d = -2*d + 11. Let u(n) = n**3 + 7*n**2 + 3*n + 13. Calculate the remainder when u(-6) is divided by d.
9
Suppose 6*c + 35 = 119. Calculate the remainder when 52 is divided by c.
10
Let k(b) = b**3 - b**2 + 6. What is the remainder when k(0) is divided by ((-342)/(-24))/3 + 3/(-4)?
2
Let v(f) = f**3 + 2*f**2 + f + 1. Let d be ((-3)/((-6)/(-2)))/(-1). Let c be (3 - 2) + 2 - d. Calculate the remainder when v(c) is divided by 7.
5
Let w = -5 - -11. What is the remainder when w/4 + 2/4 is divided by 2*((-6)/4)/(-3)?
0
Let w(h) = h**2 + h - 12. Calculate the remainder when w(-5) is divided by 5.
3
Let m(d) = -3*d - 7. Let f be m(-5). Calculate the remainder when f/4*(-75)/(-6) is divided by 13.
12
Suppose 6 + 14 = -4*b, -14 = h + 5*b. Suppose -4*n - 5*m + 5 = 0, -h = -5*n - 2*m + 8. Let t = -9 + 18. Calculate the remainder when t is divided by n.
4
What is the remainder when 7 is divided by 2/6 - (-14)/3?
2
Suppose -4*w - 160 = -5*m - 0*w, -2*m = -w - 64. Suppose 115*b - 132 = 104*b. What is the remainder when m is divided by b?
8
Let b(h) = -2*h - 4. What is the remainder when b(-7) is divided by 4?
2
Let p = -19 + 38. Let j = 10 - 11. Calculate the remainder when (-6)/3 - j - -37 is divided by p.
17
Calculate the remainder when (-459 - -1)/(-2 + 4 + -4) is divided by 21.
19
Calculate the remainder when ((-8)/10)/((-22)/275) is divided by 3.
1
Suppose 0 = m - 3*m + 2*a + 34, -m + 2*a + 22 = 0. What is the remainder when m is divided by 7?
5
Suppose 5*k = 5*i + 65, -i + 6*i = k - 29. What is the remainder when ((-100)/12)/(3/(-9)) is divided by k?
7
What is the remainder when 53 is divided by -1 - ((-1)/1 - 14)?
11
Let q = 110 - 37. What is the remainder when q is divided by 25?
23
Let w(j) = 10*j - 4. Let a be (-2)/9 + (-94)/(-18). Calculate the remainder when w(a) is divided by 16.
14
Let h(l) be the first derivative of -l**4 - 3*l**2/2 - 3*l - 2. Calculate the remainder when h(-2) is divided by 18.
17
Let g = 27 + -5. Calculate the remainder when 85 is divided by g.
19
Suppose -3*o = z - 0*z - 20, -50 = -5*o - 5*z. What is the remainder when ((-72)/(-15))/((-9)/(-30)) is divided by o?
1
Suppose 5*o - m - 48 = -5*m, -5*o - m = -42. What is the remainder when 28 is divided by o?
4
Let b(q) = -21*q**3 + 2*q**2 + 3*q + 2. What is the remainder when 41 is divided by b(-1)?
19
Let h(c) = 3*c + c - c + 0*c + 4. Suppose 0*r - g + 14 = 2*r, -25 = -r - 5*g. Calculate the remainder when h(r) is divided by 10.
9
Let y be (-2)/((-2)/2) + -2. Let a(s) = s + 46. Suppose 5*k - 5*i - 38 = 52, 0 = 5*i + 10. Calculate the remainder when a(y) is divided by k.
14
Let u(v) = -v + 8. Let b be u(8). Suppose l + 2*j - 6 = b, l + 4*j + 30 = 2*l. Calculate the remainder when 39 is divided by l.
11
Suppose o = -2*r - 35 + 189, -3*o = 3*r - 228. What is the remainder when r is divided by 16?
14
Let g(n) = n**2 + 5*n + 3. Let y be g(-5). Let u = -58 + 80. What is the remainder when u is divided by (y/(-3))/((-1)/12)?
10
Let h = 7 + 5. What is the remainder when 46 is divided by h?
10
Suppose 5*z - 3*k = 104, 3*z - 2*k - 27 = 36. Calculate the remainder when z is divided by ((-2 + 3)*-11)/(-1